-20*c + 18*c. Let y be ((-78)/(-12))/(1/6). Let z = y - 22. What is the remainder when z is divided by f?
3
What is the remainder when 10/(-5)*(295065/(-18) - 8) is divided by 154?
153
Let x(b) = 3*b + 1. Let q = 15 + -10. Calculate the remainder when x(q) is divided by (2 - 1)/2*(26 - 8).
7
Suppose -w - 423 = -10*w. Suppose 0 = -2*s - 17 + w. Suppose 2*m - 2*a = 30, s = m - 2*m - 5*a. Calculate the remainder when m is divided by 6.
4
Calculate the remainder when (-43 - 62)/((-10)/(-4)*(-18)/60) is divided by 104.
36
Suppose 16 = 13*g - 17*g. Let m(z) = 2*z**2 + 5*z - 4. Calculate the remainder when (78/(-21))/((-15)/105) is divided by m(g).
2
Let s(v) = 10*v**3 - v**2 - 199*v + 200. Calculate the remainder when 769 is divided by s(1).
9
Suppose 85*o - 1521369 - 8461 = 0. Calculate the remainder when o is divided by 72.
70
Suppose -18*j + 1400 - 320 = 0. What is the remainder when 137 is divided by j?
17
Let t(s) = 6*s**2 - 34*s - 2. Let h be t(7). Suppose -5*m - h = -414. Calculate the remainder when 214 is divided by m.
70
Let c(y) = 9*y**2 - 11*y - 1. Let d be c(2). Let l(i) = 24 + 5*i + 8 - 3*i - d. Calculate the remainder when 9 is divided by l(-6).
2
Suppose 1568*q - 9469 = 1563*q + h, 4*h = -5*q + 9474. Calculate the remainder when q is divided by 79.
77
Let r(j) = 12*j - 178. Calculate the remainder when r(18) is divided by 19 + 0 + (-6)/(-4 + 1).
17
Let x(j) = -j**3 - 14*j**2 + 14*j - 12. Let g be x(-14). Let a = g - -365. What is the remainder when a is divided by 40?
37
Let m(s) = 32 + 4*s - 14*s - 3*s - 84. What is the remainder when m(-14) is divided by 27?
22
Let r be (-136)/(-6) + (-11)/(33/2). Suppose -2*v + r = -100. Calculate the remainder when 242 is divided by v.
59
Let b be (9/(108/(-15)))/(1/196). Let m = 307 + b. Calculate the remainder when m is divided by 17.
11
Suppose -120 = -42*s + 41*s. Suppose -103*m + 107*m = 528. Let t = m - s. Calculate the remainder when 31 is divided by t.
7
Suppose 764808 = -24*z + 206*z - 84404. What is the remainder when z is divided by 13?
12
Suppose 97 + 23 = 5*v - 5*j, -67 = -3*v + 4*j. What is the remainder when 132 is divided by v?
16
Suppose 119 = c + 3*v - 54, -4*v = -4*c + 692. Calculate the remainder when c is divided by 46.
35
Let l = -4 - -16. What is the remainder when -4*(1401/(-108) + 32/144) - -7 is divided by l?
10
Let y = 2393 - 1400. What is the remainder when y is divided by 246?
9
Let n(w) = 5*w + 35. Let v be n(49). Suppose -v = -b - d, 0 = 6*b - b + 4*d - 1402. What is the remainder when b is divided by 71?
69
Let d(g) = 33*g - 1. Let h = -152764 + 153019. Calculate the remainder when h is divided by d(2).
60
Let v(a) = a**3 - 15*a**2 + 18*a + 13. Let y be v(14). Let u = -30 + y. Calculate the remainder when u is divided by 14.
11
Let s(c) = 1361*c + 5600. What is the remainder when s(-4) is divided by 1?
0
Let v be 202/5 - (-40)/(-100). Suppose -5*x = 5*x - v. Suppose 0 = x*t - 88 + 28. Calculate the remainder when 29 is divided by t.
14
Let l(x) = 82*x**2 - 104*x - 629. Calculate the remainder when l(-6) is divided by 12.
7
Let f = -21314 + 21323. Calculate the remainder when 12 is divided by f.
3
Suppose 5*x = -5*m + 27 - 302, 5*x = 4*m + 193. Let n be 2607/39 - 0 - 8/m. Suppose 74 = 3*f - n. What is the remainder when f is divided by 12?
11
Let s(i) be the first derivative of 13*i**3 + i**2/2 - i - 2. Calculate the remainder when 77 is divided by s(1).
38
Suppose -3*t = -v - 5, -2*v - 2*t - 886 + 908 = 0. Calculate the remainder when (-1046)/(-14) + (-4)/(-14) is divided by v.
5
Suppose -11*j - 19*j = -43*j + 1482. Calculate the remainder when 388 is divided by j.
46
Suppose 700*q + 476 = 704*q. Suppose -q*l - 75 = -134*l. Suppose -43 = -2*b + 5. What is the remainder when b is divided by l?
4
Calculate the remainder when 287 is divided by (-230)/23 + 56 + -10.
35
Suppose -s = -2*f + 44, 0*f - f + s = -23. Let b(l) = -l**2 + 40*l - 200. Let v be b(6). Suppose o - v*o = -f. Calculate the remainder when o is divided by 5.
2
Suppose -5*w = -3*d + 12 + 8, d - 4*w - 9 = 0. Calculate the remainder when 267 is divided by (d + -2)*(-5 - -8).
6
Suppose -5*j + 226*c - 225*c + 570 = 0, 0 = 5*j - 2*c - 570. Calculate the remainder when 226 is divided by j.
112
Let k = 661 - 656. Suppose 2*i - 32 = r, 3*i - 48 = k*r + 14. What is the remainder when 318 is divided by i?
10
Let h = 8391 + -8229. Calculate the remainder when h is divided by 157.
5
Suppose -72*f = -49*f + 75*f - 150626. What is the remainder when f is divided by 67?
63
Suppose 3*r + r - 124 = 0. Let h(i) = 20*i - 77. Let a be h(4). Suppose a*z = -15, 5*z = -5*u + 4*u - 9. Calculate the remainder when r is divided by u.
15
Let m(l) be the second derivative of l**5/20 + 5*l**4/6 + 7*l**3/3 + 7*l**2/2 - 86*l. Calculate the remainder when m(-6) is divided by 14.
11
Suppose -619 - 431 = -21*w. Let v(i) = 109*i - 2. What is the remainder when v(1) is divided by w?
7
Let o = -10663 - -10822. Calculate the remainder when 305 is divided by o.
146
Suppose c = -0*c - 3*c. Let d(y) = y**3 - y**2 - 2*y. Let w be d(2). Suppose 3*p + c*p - 27 = w. What is the remainder when p is divided by 2?
1
Suppose -5*z = -k + 6*k - 1755, 5*z - 1400 = -4*k. Calculate the remainder when k is divided by 33.
25
Let n = 67 + 5. What is the remainder when n is divided by 57?
15
Let f = 676 + -653. Calculate the remainder when 330 is divided by f.
8
Let o(n) = 2*n**2 - 37*n + 28. Let q = -90 + 115. Let w = -6 + q. What is the remainder when o(w) is divided by 13?
8
Let h(t) = 18*t**3 + 13*t**2 + 14*t - 7. Calculate the remainder when h(6) is divided by 193.
187
Suppose 41 = 3*z - d, 0*d = z + 2*d - 9. Suppose -737*q = -732*q - 1520. Suppose 3*f - q = -199. Calculate the remainder when f is divided by z.
9
Let i = 9697 - 9554. Calculate the remainder when 2139 is divided by i.
137
Let c(x) = 6*x**2 - x + 2. Let j be c(1). Suppose -2*m - 9 = -43. Calculate the remainder when m is divided by j + (1 - 0) - -2.
7
Calculate the remainder when 863 is divided by (-40752)/(-279) + (-12)/186.
133
Let x(b) = -275*b - 5459. Calculate the remainder when x(-23) is divided by 286.
8
Suppose -2*y + 4*y = 24. Let g be ((-18)/(-5))/(20/(-50)). Calculate the remainder when y/((-3)/(g/6)) is divided by 2.
0
Suppose -5*w = 3*d - 114, 0 = -2*w + 11*d - 3*d + 18. Let i(f) = f**2 + 2*f + 9. What is the remainder when i(-6) is divided by w?
12
Suppose 157 = 5*f - 23. Let j be 280/(-360) - (-2)/(-9). Calculate the remainder when f is divided by j/(-3)*(-48)/(-1).
4
Let h = 9978 - 8758. Calculate the remainder when h is divided by 111.
110
Suppose -r - 169 = -5*z, 0 = -z - 4*r + 50 - 12. What is the remainder when 2479 is divided by z?
31
Suppose -4*f = 3*v - 629, 4*v - 6*f + f = 818. Let y = -194 + v. Let m(k) = 10*k - 4. Calculate the remainder when m(4) is divided by y.
10
Let l(v) = v**2 + 15*v + 43. Let i(u) = 2*u**3 + 2*u**2 + 4*u + 2. Let t be i(-2). Calculate the remainder when l(t) is divided by 11.
7
Let z be (1 + 0)*(22 + -28). Let h be -3*(z + (4 - 2)). What is the remainder when 55 is divided by 32/h*42/8?
13
Let j be (759/15 - 5)*(-15)/(-6). Suppose -155*y - j = -161*y. Calculate the remainder when 92 is divided by y.
16
Let w(x) = -5*x - 78. Let v be w(-17). Suppose -2*o - 4 = -2*c, -v*o + 12 = -4*o. Calculate the remainder when 58 is divided by c.
4
Suppose 0 = -2*p + 10*p + 2112. What is the remainder when 100 is divided by ((-15)/(-4))/((715/p)/(-13))?
10
Suppose 0 = -4*h + 17*h - 8827. Suppose -29*s + h = 215. Calculate the remainder when 223 is divided by s.
15
Let l(x) = -7*x**2 + 20*x + 50. Let u(g) = 10*g**2 - 21*g - 50. Let n(t) = 3*l(t) + 2*u(t). What is the remainder when 154 is divided by n(19)?
30
Let i(x) = x**2 - 50*x - 455. What is the remainder when i(-14) is divided by 48?
9
Let g = -1710 - -2015. Calculate the remainder when g is divided by 14.
11
Suppose 8*p = -1030 - 34. Let t = -123 - p. What is the remainder when 17 is divided by t?
7
Calculate the remainder when 10 + (123 - 9 - -18) is divided by 130.
12
Suppose 0 = 3*f - 37 - 56. Suppose 0 = 3*i + 4*r - 64, 5*r + 97 = 4*i + 22. Calculate the remainder when 60 + 0 - (23 - i) is divided by f.
26
Let o(c) = -c**3 + 102*c**2 - 1000*c - 2. What is the remainder when o(91) is divided b